
-2
Let a(o) = o**2 - o + 3. Let q be a(0). Let g(m) be the first derivative of 1/2*m**2 + 0*m - 2 + 1/3*m**q. What is g(2)?
6
Suppose 3*o + 1 = -5*c, 2*o - c + 2 = 10. Let n = 6 + -4. Suppose -n*p = o*p + 25. Let u(l) = -l**3 - 6*l**2 - 5*l - 1. Calculate u(p).
-1
Let g = 4 + -2. Let x(t) = t - 2*t**2 - t**3 - 4*t + 0*t**g - t**2 - 2. Give x(-2).
0
Let a(n) = -4*n - 12. Suppose 4 = z + 12. Give a(z).
20
Let y(b) = -b**3 + 3*b**2 + 3*b + 5. Suppose 2*c - 3*i = 17, -2*i = 4*c - 4 - 6. Calculate y(c).
1
Let t(d) = -d**2 + d + 2*d + 2*d. Let j be t(5). Let m = 0 + j. Let g(i) = -i**2 - 6. Give g(m).
-6
Let q(a) = -a**2 + 2*a + 3. Let r be 2/(-1) - -2 - 3. Let u be (-11)/r + 8/24. What is q(u)?
-5
Let m(i) be the first derivative of i**5/20 + i**4/12 - i**3/2 + i**2 - i - 2. Let j(h) be the first derivative of m(h). Determine j(-3).
-7
Let z(n) = -13*n**3 - 11*n**2 + 11*n + 14. Let c(h) = 4*h**3 + 4*h**2 - 4*h - 5. Let k(p) = 11*c(p) + 4*z(p). What is k(1)?
-7
Let j(q) = -q. Let w(y) = 2*y**2 + 9*y - 4. Let c(x) = -6*j(x) - w(x). Suppose -10 = -5*s + 10. Suppose s*a = -4 - 8. Give c(a).
-5
Let j(n) = n + 10. Suppose -2*l + 0*l - 4*q + 26 = 0, -49 = -3*l - q. Suppose 0 = 3*t + 4 + l. What is j(t)?
3
Let r(s) be the first derivative of -s**3/3 + 2*s**2 + 10*s - 1. Determine r(7).
-11
Suppose -3*m - 2*u + 16 = 0, -2*m + m + 8 = 2*u. Let j be m + -1 + -2 + 1. Let q(y) be the first derivative of -3*y**2 + 3*y + 1. Give q(j).
-9
Let p(n) = -3*n + 2. Let j(v) = 6*v - 33 + 50 - 3*v. Let k be j(-5). Give p(k).
-4
Suppose -2*y = -7*y + 25. Let c(b) = b**3 - 4*b**2 - 8*b + 4. Calculate c(y).
-11
Let v(j) be the first derivative of j**2/2 + 4*j + 3. Let p be v(-3). Let i(o) be the first derivative of -o**2/2 + o + 1. Determine i(p).
0
Let a = 2 - 1. Suppose 3*m = -y + 12, 0 = y - 2*m + 2 + a. Let b(f) = f**3 - 2*f**2 - f - 2. Determine b(y).
4
Let w be 2/((-1 - -2) + -2). Let v = w - -4. Let d(j) = -3*j**2 - 2*j - 11. Let z(t) = 2*t**2 + t + 6. Let o(s) = 4*d(s) + 7*z(s). Calculate o(v).
4
Let f(z) = 0*z**3 - 2 + 2*z**3 - 5*z**2 + 3 + 2*z**2. Let v be f(2). Let h(i) = i**3 - 5*i**2 - 2*i + 4. Determine h(v).
-6
Let d(o) be the first derivative of 3*o**2/2 - 7*o + 3. Let q = 5 + 0. Determine d(q).
8
Let g(v) = -9*v**3 + 2*v + 1. Let k be g(-1). Let n = 5 + -2. Let s(u) = u + n*u + k - 5*u. Determine s(0).
8
Let i(z) = -z**2 + 4*z + 19. Let f be i(7). Let y(m) = m**2 + 2. Give y(f).
6
Let q(l) = l**3 + l - 2. Let s(y) = -y + 13*y**2 + y**3 - 6 - 6*y**2 + 5*y. Let t be s(-6). Suppose 2*n - t = -n. Calculate q(n).
8
Let z(m) = m**2 - 4*m - 3. Let o be z(5). Let i(p) = 3 + 0 - o*p - 1. Give i(-4).
10
Let q(k) = -6*k**2 + 2*k + 5*k**2 - 2*k**2 + 2. Suppose -f - 5 = -2*f. Let m be 1/f - 27/(-15). Determine q(m).
-6
Let i(y) = -2 - 2*y + 2. Suppose 0*h = -5*z + 2*h - 13, -2*z + 5*h = 1. Give i(z).
6
Let h = -236 + 231. Let b(i) = -i + 3. Let g(v) = 4*v - 9. Let a(s) = 7*b(s) + 2*g(s). Calculate a(h).
-2
Let u(r) = 5*r**2 + 2*r - 4*r**2 - 4*r + 1 + 0*r**2. Let z(x) = x + x**2 + 2*x**3 - x**3 - 2*x**3 + 2. Let m be z(0). Determine u(m).
1
Let k(q) = -15*q - 2. Let m(n) = 8*n + 1. Suppose 3 - 11 = 4*j. Let h(i) = j*k(i) - 5*m(i). What is h(1)?
-11
Suppose -3*k = 2*t - 42, -5*t + 94 = -t + k. Suppose 5*f - t = -9. Let r(m) be the first derivative of -m**4/4 + 2*m**3/3 - m**2/2 + 2*m + 2. Give r(f).
-10
Let l(b) = 2*b - 2*b - 296*b**3 + 270*b**3. Determine l(1).
-26
Let y(m) = 2*m**3 + m**2. Let p be y(-1). Let b(r) be the second derivative of -1/6*r**4 + 0 - 1/2*r**2 - 4*r + 3/20*r**5 - 1/3*r**3. Give b(p).
-4
Let a = 2/17 + 11/51. Let f(r) be the first derivative of 1 - a*r**3 + 3*r**2 - r. Determine f(5).
4
Let n(g) = g**3 + 5*g**2 - 6*g - 9. Suppose 0 = 4*h - 2*z + 22, -2*h + 10 - 27 = 5*z. Give n(h).
-9
Suppose 3*n - 4*n + 1 = 0. Let m be 2 - (2/(-2) - n). Let y(d) = 3*d - 2 - d + m. Determine y(-3).
-4
Let d(x) = -x**3 - x**2 + 2*x + 1. Let c = -5 + 8. Suppose 3*l = 3, -c*z - 1 = l + l. What is d(z)?
-1
Let n(c) = -2*c**3 - c**2 - 14*c - 3. Let h(b) = b**3 + b**2 + 7*b + 2. Let w(o) = -11*h(o) - 6*n(o). Determine w(4).
8
Let c(k) = k**2 - 9*k + 3. Let b(v) = v. Let w(p) = -4*b(p) - c(p). Give w(3).
3
Let y(p) be the second derivative of -p**2 + 0 - p + 0*p**4 + 1/20*p**5 + 1/6*p**3. Give y(2).
8
Let n(v) = -v + v**2 + v + 4*v - 4. Suppose 5*j + 13 = -2*q, 0 = -5*q - 3*j + 5*j - 18. Calculate n(q).
-4
Let r(c) = -c**3 + 5*c**2 - c + 1. Let j be -1*(2 + -1)*1. Let p = -1 - j. Suppose v + p*g - 10 = g, -25 = -2*v + 3*g. Determine r(v).
-4
Let s(o) = o + 2. Suppose 8*v - 60 + 12 = 0. Give s(v).
8
Let i(j) = j - 2. Let o(r) = -r + 10. Let m be o(3). Determine i(m).
5
Let b(y) = 3*y - 9. Let a be b(7). Suppose 0 + a = 4*d. Let r(w) = 3 - 4 + 7*w - w - w**2. What is r(d)?
8
Let l be -1 + 2 + 0/2. Suppose -5 = -5*x - 4*u, 6*u = -x + 3*u + 1. Let k(v) = 6*v - v + 8*v - x - 4*v. Determine k(l).
8
Let x(o) = -o**3 + 3*o**2 - 2*o + 2. Suppose -3*d = 3*l - 6, -4*l - 7 = 5*d - 19. Suppose -3*t - y = -7*t + d, t - 4*y = -14. What is x(t)?
2
Let x be (-6)/(-4)*(3 + -5). Let t(o) = o**2 + 2*o - 4. What is t(x)?
-1
Let v(o) = 8*o**2 - 1. Let r(u) = -u - 1. Let m be r(1). Let s be (-3)/12 - 39/(-12). Let w = s + m. What is v(w)?
7
Let q(c) = -11*c**3 - 13 - 4*c**2 + 12*c**3 + 5*c**2. What is q(0)?
-13
Let x(y) = y**2 - 6*y + 1. Let o be ((-30)/(-6))/(5/6). What is x(o)?
1
Suppose -l - 5*i = 4*l + 10, 3*l - 12 = 3*i. Let n(a) be the third derivative of -a**6/120 + a**5/60 + a**4/24 - a**3/6 + 14*a**2. What is n(l)?
0
Let g be (20/6)/((-4)/(-6)). Let d(u) = 0*u + u - 10 + 4. Calculate d(g).
-1
Let h = 3 + -1. Let m(i) = -i**3 + i**h + 2 - 3 - 3*i**2 - 2*i. Suppose 0*b - 5*x - 15 = -5*b, -3*b + 2*x + 4 = 0. Determine m(b).
3
Let m be (-1)/(-4) - (-1)/(-4). Let y(w) be the second derivative of -w**5/20 - w**4/12 - w**3/6 + 6*w**2 + 8*w. What is y(m)?
12
Let r = 20 - 18. Let i(a) be the first derivative of 2*a**3/3 - a**2/2 + 1. Determine i(r).
6
Let l(r) = r + 5. Let a be l(-6). Let v(f) = -10*f. Calculate v(a).
10
Let z = 42 + -40. Let b(g) = -g**3 + 7*g**2 + 3*g - 3. Let o(x) = -x**2. Let d(n) = -b(n) - 6*o(n). Give d(z).
1
Let z be 1 - 0 - 0 - 0. Let k(t) = 1 + t**2 + t - 4 - 3*t + z. Give k(4).
6
Let c(d) = -d - 1. Let s(z) = -z - 1. Let i(a) = -a**2 - 16*a - 9. Let n(o) = -i(o) + 6*s(o). Let g = 6 + -10. Let h(l) = g*c(l) - n(l). Give h(-5).
6
Let x(q) = 8*q**3 + 3*q**3 - 9*q**3 + 1 - q - 2*q**2. Give x(2).
7
Let k be (1/(-2))/(2/12). Let l(v) be the first derivative of v**3 + 1/2*v**2 + 1/4*v**4 + 0*v - 4. What is l(k)?
-3
Let v(c) be the first derivative of c**4/4 - 8*c**3/3 + 7*c**2/2 + 5*c + 12. Calculate v(7).
5
Suppose 0 = 5*a + 1 + 14. Let i(v) be the third derivative of -v**5/60 - 5*v**4/24 - v**3/2 + v**2. Calculate i(a).
3
Let u(p) = -p**2 - 2. Suppose 4*d - 7*d = 0. Determine u(d).
-2
Let i(j) = j**2 - 3*j + 6. Let v(d) = -2*d**2 + 2*d - 4. Let r(g) = 2*i(g) + 3*v(g). Determine r(-1).
-4
Let f be (6/4)/((-21)/28). Let i be ((-4)/f)/(2/(-5)). Let p(b) = b**2 + 8*b + 6. What is p(i)?
-9
Suppose 0 = -2*c + c + 14. Let z be c/10 + 6/(-15). Let y(n) = n - 7 + 7*n**3 + 6 - n**2 + z. Give y(1).
7
Let j(c) be the third derivative of -c**7/840 + c**6/90 + c**5/40 + 7*c**4/24 + c**3/3 - 5*c**2. Let h(m) be the first derivative of j(m). Determine h(5).
-3
Let p be ((-6)/(-5))/(1/5). Let d(o) = -o**2 - 4*o + 0*o + 5*o + 5 + 3*o. Determine d(p).
-7
Suppose 0 = -2*w - 10, -v - w - 3 + 1 = 0. Suppose -6 = -h + k, 2*h + v*k = -0*k + 2. Let y(n) = n - 9. Give y(h).
-5
Let j(k) = 4*k + 0 - 3*k + 6. Let b be j(-4). Suppose -b*z + 7*z + 25 = 0. Let y(c) = -c**2 - 7*c - 4. Calculate y(z).
6
Let p be 4*(0 - -1) - 0. Let o(d) be the second derivative of d**5/20 - d**4/6 - 5*d**3/6 - 3*d**2/2 + 26*d. Determine o(p).
9
Let o = -18 - -25. Let g(y) = y**2 - 9*y + 10. Give g(o).
-4
Let x(p) = -46*p. Let w(v) = 9*v. Let o(j) = 11*w(j) + 2*x(j). Determine o(-3).
-21
Suppose -8*n - 2*h + 9 = -3*n, 5*n - 5*h = -5. Let f(t) = 4*t - 2. Let u(v) = -v. Let x(k) = n*f(k) + 5*u(k). Let o be -6*(1 + 0 + -2). Determine x(o).
-8
Let p(t) be the first derivative of -t**2/2 + t + 4. Calculate p(1).
0
Let x(o) be the third derivative of o**5/60 - 5*o**4/24 + o**3/6 - o**2. Suppose 0*k = -2*k + 18. Let t = k - 5